 - (-6 + (13 - (4 + 11)))?
-77
What is -11 + 5 + 19 - (1 + 35 + 49)?
-72
What is 3 + 7 - -7 - (3 + -1 + 4) - 84?
-73
(58 - 13) + (33 - 101)
-23
What is -4 + 33 + -33 + 48?
44
What is the value of -2 + (45 - (3 - (2 - -16)))?
58
What is -13 - (44 + -219 - -70)?
92
(-67 - (-67 - -13)) + -36
-49
What is -10 + -1 + (38 + -26 - 24 - 62)?
-85
Evaluate (-89 - -103) + 94 + (-1 + -1 - -3 - 12).
97
What is the value of -65 - -48 - (7 + -20 + 27)?
-31
Calculate 83 - 8 - (21 + 44).
10
What is the value of (0 - (1 - (10 + 3))) + (8 - -1) + -55?
-34
What is 0 + -5 - ((-21 - -31) + 31)?
-46
Calculate (-9 - -2) + 16 + -21 + 5 + 46.
39
What is 5 + 7 + 3 + (24 - 33) - 53 - -7?
-40
What is the value of -1 + (-104 - -107) + (10 - (-1 - -3)) - 28?
-18
Calculate -1 + 3 - (4 - (37 - 47)).
-12
Calculate -41 + 1 - (7 - -11 - (70 - 62)).
-50
-13 + (2 - -42) + -13
18
Evaluate 25 - (-9 + (8 + 11 + -22 - 4)).
41
Evaluate -4 + -57 + (8 - (0 - 2)).
-51
Calculate 1 + (-13 - -7) + 19 + 11.
25
Calculate -1 + (10 - 1) - (-1 + 3 + 7).
-1
Calculate -37 + 55 - ((19 - 12) + 28).
-17
Evaluate 141 + -47 - (18 - -71).
5
Evaluate -9 - -127 - (-632 + 677).
73
Evaluate -25 - (-1 - 0 - (-13 + -5 + (-8 - -35))).
-15
Calculate 20 - ((-11 - -9) + (2 + -2 + 8 - 5)).
19
-2481 + 2464 + (-1 - 1) + -5 + -3
-27
Evaluate 8 + (15 - 49 - 1) + -27.
-54
What is the value of 0 + 49 - (-72 + 12 - -36)?
73
Calculate -72 + (-2 + -1 + -4 - (113 + -106)).
-86
What is the value of 1 + (-6 - (-35 + -6 + -5 + 13)) + 2?
30
(4751 - 4690) + (3 - 0)
64
What is the value of 98 - (-48 + 51 + -5 + -25 + 9)?
116
What is the value of 39 + (41 - 120) + 21?
-19
-58 + 61 - (-5 + (-1 - (-42 + 3)))
-30
25 + (66 - 21 - 28) + -27
15
96 + 7 + -60 + -1
42
What is -60 + 1 - (-3444 - -3355)?
30
Calculate -1 - (10 - -34) - (-48 - -49).
-46
(-3553 - -3643) + (2 + -3 - 17)
72
What is 5 - -33 - (29 - 59) - (-5 + 4)?
69
Calculate 1 + -63 - (1654 + -1691).
-25
What is 0 - (-9 - 3) - (33 + -11 + -48)?
38
-56 + (-13 - (5 - (-1 + (13 - 4) + 11)))
-55
-2 + (28 - -11) + -76
-39
What is the value of 91 - (-93 - (-84 + -111))?
-11
What is 2 - -85 - -3 - (2 + (-8 + -1 - -10))?
87
Evaluate -11 - -30 - (-70 - -42).
47
(-29 - 10) + ((-3 - -13) + -3 - 8)
-40
Evaluate (-33 - (12 + -6)) + (11 - 15 - -13).
-30
What is -14 + (-15 - -33 - (-23 - -4))?
23
Evaluate -57 - (-24 - -12) - ((-9 - 4) + (12 - 9)).
-35
What is the value of -172 + 196 - (11 - -20)?
-7
Calculate 27 - (-21 - -18 - ((20 - 31) + -4)).
15
What is 81 - (13 - -37) - 16?
15
Evaluate -25 - (1 + 3 - (88 + -80)).
-21
Evaluate (-60 + 56 - 52) + 106.
50
Evaluate 102 + (-63 - -203 - 279).
-37
Evaluate (66 - 71) + 19 + -11.
3
(31 - (30 - 2)) + (-6 + 3 - 0) - -20
20
What is the value of 133 + (-28 - -2 - 45)?
62
What is (-125 + -79 - -89) + 17 + (-1 - 1)?
-100
Calculate -78 + (2 - -35) - -29.
-12
Evaluate -70 - (1 + 8 + -277 + 253).
-55
Calculate (1 - 38) + (93 - (5 + 72)).
-21
Evaluate 31 + -10 + (11 - -4) + 0 + -37.
-1
Evaluate 9 + 47 + 2 + 38 - 1.
95
What is the value of 139 + -70 + -40 + (-3 - 124)?
-98
What is (1 - -13 - (205 - 253)) + -3 + -15?
44
What is the value of 16 + -17 + 2 + 12 + (1 - 86)?
-72
Calculate 74 + -25 + -49 - 44.
-44
What is the value of (-27 - 8 - (-18 - 4)) + -6?
-19
What is -8 - ((43 - -88) + -89)?
-50
What is the value of 30 + (0 - 8) + (3 - (-7 + 1))?
31
Evaluate -6 + -1 - (-111 + 84) - (12 + -17).
25
Calculate -90 + 158 + -146 - 5.
-83
Calculate 2 + (6 - 12 - 44) + 13 - 6.
-41
Evaluate 3 - (-1 + -2 + -9 - (391 - 402) - 21).
25
Calculate (-70 - -49) + (47 - 47 - (0 - 6)).
-15
What is -21 - 5 - (-8 + -3) - 88?
-103
Evaluate -1 - -17 - (58 + (0 - 68)).
26
(-94 - 1) + -2192 + 2383
96
Calculate -8 + 0 + (10 - -3) - -8 - 0 - -79.
92
Calculate -1 + -46 + (-5 - (-5 - 8)) + -2.
-41
Calculate -9 + -15 - (21 - (10 + 33)).
-2
Evaluate -21 + (-7 - 53 - (35 - (-25 + 42))).
-99
What is the value of (250 - 374) + 121 + -29 + -1?
-33
Evaluate 94 + (-37 - -3) + (100 - 86).
74
What is the value of -3 + (-3 - 0 - -4 - -4) - (-429 - -433)?
-2
What is the value of -23 - -24 - (-106 + 87 - (1 - 3))?
18
Evaluate 52 - (-98 + 77 - (-2 + -22)).
49
-8 - -1 - ((-5 - -1 - -1) + (5460 - 5451))
-13
(-12 - -1) + (11 - -123 - (26 + -25 - 9))
131
-106 + (15 - (31 + (42 - 62)))
-102
Evaluate 36 + 116 + -270 - -56.
-62
What is -30 + 6 - (-7 - -8) - 30?
-55
Evaluate -20 - (82 - (26 - -59)).
-17
What is 0 + -13 - -4 - (-1 - 57 - -11)?
38
Calculate 38 - (-1 - 37 - -39).
37
Evaluate 17 + (1 - 2 - (-41 - (10 - -48))).
115
What is the value of 4 + (-14 + 15 + -6 - 1) + 25 + 2?
25
Evaluate 14 + (7 - 17) + (25 - 33) + -1.
-5
Calculate -113 + -89 + 181 + -75.
-96
0 + (-2 + 21 + -7 - 3)
9
What is 22 + -22 + -22 + 4 - 38?
-56
What is (-82 - 61) + -11 - (2 + -1 - 23)?
-132
What is the value of -53 + 44 - ((16 - 5) + 1)?
-21
What is 5 - (56 + -3) - -5 - (28 + (-74 - -45))?
-42
What is the value of 44 + 30 + -69 + (9 - 6)?
8
What is the value of 15 + 2 - (38 + -56 - -28)?
7
What is -135 + 13 + 198 - 64?
12
Evaluate (-11 + 11 - -4) + (2 + 7 - -4).
17
Calculate (27 + 17 - 60) + -15.
-31
Calculate -1 + -66 - ((-37 - -2) + (145 - 121)).
-56
-75 - (-43 - 6 - 3)
-23
Evaluate 7 + (-4 - (2 + (-1 - 2)) - (-5 - -23)).
-14
What is the value of 2 - (7 + (10 + -19 + -26 - -16))?
14
-3 + (-3 + 21 - 16 - (3 + 24 + 6))
-34
What is 10 + (10 - 12) + (-2 - -75) + 5?
86
-10 - (2 - -78) - -6
-84
What is the value of 38 + -2 - (-1128 - -1138 - (-2 - (2 + -16)))?
38
-2 + -79 + (-2 - 0) - (-13 + (-1 - -2))
-71
-957 + 942 + 0 + 139
124
What is (10 - -7) + (-106 - (71 + -146))?
-14
What is the value of (10 - (10 + 3)) + -6 - -84 - (-3 - -5)?
73
Evaluate (44 - 39) + -10 - (1 + -31 + 2).
23
3 + 4 - (-182 - -174) - 67
-52
What is the value of 62 + -10 + -30 - -9?
31
What is the value of 113 - -2 - (4 - (41 + (-67 - -19)))?
104
Calculate 23 - (2 + -1 + 13 + 3014 + -3015).
10
What is -8 + 1 + 7 + (22 - 25) + 5?
2
-4 + -15 + 4 + 518 + -483 - -19
39
-77 + (-3 - (-4 - 30)) + -2 + 8
-40
What is -16 - 1 - (-15 - 0 - (-507 + 495))?
-14
Evaluate 1 + -14 - (80 - (43 - -54)).
4
-37 + (0 - 1) - (131 - 33 - 105)
-31
Evaluate -3 + (-21 + -9 - -6) - -10.
-17
Evaluate 7 + 2 - (9 + -9 + -1) - 35.
-25
-61 + 105 + (-2 - 14)
28
Evaluate -5 + (-49 - -7) - (-7 + (1 - -10) + -5).
-46
Evaluate -29 + (-16 - (-57 + 0)) + (2 - 37).
-23
7 + -5 + (-4 - -1) + -65 + (5574 - 5567)
-59
Calculate (-1 - -3) + -30 + 0 + 28.
0
Evaluate -141 + 145 - ((3 - (3 - 5)) + 3).
-4
Calculate -122 + -113 + 95 + (4 - (-4 + 7)).
-139
What is -14 - (-6 + (33 - (2 - 39)))?
-78
What is the value of 18 - (19 + -5) - (-19 + -6 + 7)?
22
Calculate -30 - (7 + -1 + (4 - (26 - (2 - -11)))).
-27
Evaluate 7 + (-10 + (19 - 12) - 10) + 4.
-2
What is the value of (-8 - -37 - (8 - -13)) + -25 + 5?
-12
Evaluate 1 + -16 + (-7 + 13 - 4) + 12.
-1
What is 66 + 23 + -164 + 44?
-31
Calculate 80 + -10 + (14 - 21) + (50 - 29).
84
What is the value of (0 - (3 + -20)) + -4 + (-5 - 26)?
-18
Calculate 46 - (60 - 47) - 52 - -146.
127
0 + (2 + -11 - 2) + 6 + (17 - 83)
-71
What is the value of (0 - -1 - 11) + 25 + (38 - 64) - -9?
-2
Evaluate 170 + -65 + -15 + 14 + 1.
105
Calculate -102 + 173 + -99 + 23.
-5
-17 + -70 - (174 - 264)
3
Evaluate -1 + 10 - (187 - 167) - -12.
1
Calculate -37 + 40 - 74 - -146.
75
What is the value of (85 + -35 - 59) + 46?
37
-35 + (15 - -44) - 3 - (3 + 10)
8
Evaluate (-31 - -17) + -149 + 54.
-109
Evaluate 8 + 2 + (16 + -13 - 21) + (3 - -30).
25
Calculate -2 + -13 + (-99 - -100) - -28.
14
Calculate (-2 - 2) + 15 + 1699 + -1628.
82
What is 47 + 2 + 0 + -62?
-13
What is the value of 66 - -5 - (6 + -6 - (17 + -16)) - 2?
70
Calculate -89 - (-45 + (26 - 22)).
-48
Evaluate (1 - -18 - -2) + -239 + 230.
12
What is (336 - 175 - 149) + 1 + -19?
-6
Calculate 9 - (-32 + 22 + (14 - -7)).
-2
Evaluate -4 + 3 + 1 - (-1110 + 1112) - (-6 - 61).
65
What is the value of (-106 - -50) + 9 - 4?
-51
Evaluate 63 + -46 + -23 - (-29 - (0 - (-4 + 4))).
23
Evaluate 3 + -6 - (-45 + 1) - (0 + -2).
43
Evaluate -78 + (39 + -77 - -41) + 2.
-73
(-133 - -154) + (-40 - -5) - 35
-49
What is the value of 123 + (13 - (-7 - (-3 - (9 - 17))))?
148
What is the value of 9 + (-2 - -11 - 8) + -18?
-8
What is the value of 49 + (-27 - 25) + 2?
-1
Evaluate -59 + -16 + (11 - 7) + 2 - (13 + -7).
-75
What is the value of 2 + (3 - 30) + -2 + (-34 